i).
-2
Let o(x) = -x**2 - 1. Let k(v) = -3*v**2 - v. Let s(a) = -k(a) + o(a). What is s(1)?
2
Let g(o) be the first derivative of -1/2*o**2 - 1/4*o**4 + 2*o + 4/3*o**3 - 12. Suppose -w = 3*w - 16. Determine g(w).
-2
Let h(m) = -m - 12. Let z be h(0). Let n = 8 + z. Let f(b) = -5*b + 2 - 5 - b**2 + 0*b**2. Calculate f(n).
1
Let k(d) = d**2 + 3*d - 1. Let o be (-3)/(-1 + 4/3). Let a be o - -1 - (-12)/4. Give k(a).
9
Let w(m) = -m**2 + 4*m - 2. Let l(z) = 2*z**2 - 5*z + 3. Let q = -4 - -1. Let h(j) = q*w(j) - 2*l(j). Calculate h(-1).
1
Let k(u) = 3*u - 9. Let b(c) = -c**2 + 8*c - 6. Let w be b(6). Calculate k(w).
9
Let d(r) be the first derivative of r**3/6 + 3*r**2/2 + r - 1. Let t(k) be the first derivative of d(k). Let f = 2 - 6. Determine t(f).
-1
Let s(l) = -3*l**2 + 3*l - 1. Suppose 0 = 2*u + 5*h - 4, 0 = -5*h + 6*h. Give s(u).
-7
Let v(p) = -p**2 + 7*p - 1. Let q be v(6). Suppose c - q*c - 8 = 0. Let b(i) = i - 1. Give b(c).
-3
Suppose -9*t = -14*t + 10. Let w(u) = -7*u**2 - 4*u + 5*u**2 + u**t. Determine w(-5).
-5
Let c(t) be the third derivative of t**6/120 - 3*t**5/20 + 7*t**4/24 + 5*t**3/6 - 9*t**2. Calculate c(8).
-3
Let d(y) = -13*y + 36. Let g(w) = 7*w - 19. Let p(u) = 6*d(u) + 11*g(u). Suppose -29 = -4*x - 5*f, -2*x - 2*f = f - 17. Let o = x + -1. Give p(o).
7
Suppose -f - f = 0. Let h(j) = -6*j**3 + 11 - 2*j + 4*j - j + 7*j**3. Give h(f).
11
Suppose -k - 3*k = -t - 7, -t + 3*k = 4. Let p(r) = -r. What is p(t)?
-5
Let f be (-15)/(-9) - (-2)/(-3). Let a be 2/4 - f/2. Let v(o) = -o**3 - 1. What is v(a)?
-1
Let d be (-2)/(-6)*(-1)/((-16)/12). Let o(q) be the third derivative of 0*q + 0*q**3 - d*q**4 - 2*q**2 + 0 - 1/30*q**5. Give o(-4).
-8
Suppose -h - h - 20 = -5*k, -5 = 5*k + 3*h. Let c(z) = -2*z + 0*z - 3*z. Determine c(k).
-10
Let w = 10 + -3. Let f = -6 + w. Let n(c) = 0*c + c**2 + c - 1 + 2*c**3 + 0*c**2. Give n(f).
3
Let x(j) be the first derivative of j**3/3 - 5*j**2 + 7*j + 37. Give x(6).
-17
Let c be (-16)/10*(-100)/8. Suppose 3*s - 4*m = s + c, 0 = 5*m + 20. Let i(b) = 2*b**2 - 2*b - 1. Calculate i(s).
3
Let h(n) = 2*n**3 + 2*n**2. Let o(s) = -2*s**3 - 3*s**2. Let v(c) = 6*h(c) + 5*o(c). Let j(t) = t**2 + 11*t + 32. Let l be j(-5). Give v(l).
4
Let b(g) = 15*g**3 + g**2 - g - 1. Let p = 26 + -27. What is b(p)?
-14
Let y(g) be the first derivative of g**3/3 + 7*g**2/2 + 5*g + 8. Let a(i) = -i**2 - i - 5. Let b be a(0). Give y(b).
-5
Let l(a) be the first derivative of 2*a**3/3 - 5*a**2/2 + 4*a + 1. Let q be l(3). Let x = q + -4. Let s(d) = d - 4. Give s(x).
-1
Suppose 0 = 3*n - 3*v + 12, v = -5*n - 2 - 36. Let k be (-4)/14 - 2/n. Let c(y) be the second derivative of -y**4/12 + y**3/6 - 3*y**2 + 6*y. Give c(k).
-6
Let v(o) = -o**2 + 3*o - 1. Let j = 3 - 3. Suppose -4*h - 4*d + 2*d = -16, 5*h + 5*d - 30 = j. Suppose w - 5*i = 19, 6*w - 14 = w - h*i. Give v(w).
-5
Let d(n) = -2*n**2 - n. Let r = -74 + 75. Let j = 2 - 1. Suppose -r = f + i, 0*f = -f + i - j. What is d(f)?
-1
Let w(i) = i**2 + 6*i + 3. Suppose 0 = 4*z - 5*z + 12. Let n = z - 15. What is w(n)?
-6
Let m(l) = -1. Let s(p) = 1. Let g(j) = 5*m(j) + 4*s(j). Let o be (34/30 - (-4)/(-30))/1. Let q(k) = 3*k + 2. Let w(i) = o*g(i) + q(i). Give w(-1).
-2
Suppose -5*z + 5 = -5*p, 0 = -2*z + p - 4 + 3. Let c(f) = f - 10. Let u(b) = -3. Suppose -56 = d - 5*d. Let h(k) = d*u(k) - 4*c(k). Determine h(z).
6
Let d(k) = k + 2. Let i(m) = 3*m + 5. Let x(z) = 5*d(z) - 2*i(z). Suppose 6*j - j - 25 = 0. Determine x(j).
-5
Let x be 1/(3 + 34/(-12)). Let q(c) = 3 + 1 + c**2 - x*c - 2*c. Give q(7).
-3
Let j(m) = m**3 - 7*m**2 + m - 2. Let i be j(7). Let x(h) = 2*h + 2*h - 3 - i*h. What is x(-5)?
2
Suppose -u - 4*u + 15 = 0. Let n be 2/u*18/4. Let b(s) = 2*s**3 - 3*s**2 + 0*s**2 + s + 0*s**n - 1. Calculate b(2).
5
Let l(k) = k. Let w be ((-7)/7)/(0 - 1). What is l(w)?
1
Let p(a) = 7*a**3 + a**2 - 9*a - 11. Let r(d) = -6*d**3 - 2*d**2 + 9*d + 11. Let w(q) = -5*p(q) - 6*r(q). Let k be w(-8). Let g(l) = -l**2 - l + 2. Give g(k).
-4
Let s(z) = -13*z + 1. Suppose h - 3 = 2. Suppose 4 = h*p - 1. Give s(p).
-12
Let k(a) = -a. Let w(n) = -3*n - 1. Let j(s) = -5*k(s) + 2*w(s). Let y be 198/(-42) - 4/14. Calculate j(y).
3
Let m(w) = -4*w + 3. Let i(c) = -2*c**2 - 19*c - 39. Let b be i(-6). Calculate m(b).
-9
Let h(y) be the first derivative of -5*y - y**2 + 3*y + 6 + 0. Determine h(2).
-6
Let z(r) = -5 - 8*r + r**2 - 8 - 4 + 5. Let u be z(9). Let f(x) = -x. Let p be f(u). Let l(s) = -3*s - 1. What is l(p)?
-10
Let k(f) = -13 + 2*f**2 + 3 + 3*f + 8 + 3. What is k(-2)?
3
Let d(m) = 7*m**2 + m - 1. Let f(l) be the third derivative of -l**4/24 + l**3/3 + 5*l**2. Let v be f(1). Calculate d(v).
7
Let d(n) be the second derivative of -n**4/12 - 2*n**3/3 + 3*n**2 + 12*n. Calculate d(-5).
1
Suppose g - 4*r = 20, 0 = -3*g + 5*r - 6 + 31. Let u(n) = -n + 9. What is u(g)?
9
Let w = 3 - 3. Suppose d = -w + 5. Let a(g) = -d - 2*g - 4*g + 5*g + 2. What is a(4)?
-7
Let z(k) = k**3 + 6*k**2 + 7*k + 3. Let p be (-6)/(-2) + -7 + 5. Let d be -7 - (p + -2)*2. Determine z(d).
-7
Let t = -24 - -31. Let h(o) = o - 2. Give h(t).
5
Let o(w) = -w**3 - 2*w**2 - 4. Let a be 7 + -3 - (1 + 3 + 3). Determine o(a).
5
Let p(t) = t**2 - 1. Let n(l) = 7*l**2 - 7. Suppose -w = -0 - 6. Let q be 1*-3*1/3. Let f(i) = q*n(i) + w*p(i). Calculate f(1).
0
Let h(o) = 0 - 2*o + 0*o + o**2 + 1 - 7*o**3. Let c = 100 - 99. Give h(c).
-7
Let d(r) = r**2 + 4*r. Let n = 15 + -11. Suppose -3*y + 3 = 4*p, -n*y - 3*p - p = 0. What is d(y)?
-3
Suppose -2*b + 7*b = 3*o - 54, 0 = -3*b + 9. Suppose -o + 3 = -4*y. Let l(d) = -d**3 + 6*d**2 - 5*d + 3. Calculate l(y).
3
Let v be 0 - (-7 - -3 - -1). Let y(s) = -s**3 + 1 - v*s**2 + 0*s**3 + 2 + 0*s + 5*s. Give y(-4).
-1
Let p(z) = z**2 - 3*z - 8. Let a be 33/5 + 6/(-10). Determine p(a).
10
Suppose i + 8 = 7. Let r(k) = -7*k**2 + k + 1. What is r(i)?
-7
Let r(f) = -f. Let k(a) = -a**2 - 10*a + 2. Let h(m) = 2*m**2 + 21*m - 4. Let s(v) = -3*h(v) - 7*k(v). Let g(i) = -3*r(i) - s(i). Give g(-4).
2
Let i = 9 - 5. Suppose -q = -i*q. Let u(w) = 3*w - w**2 + 3 + q + 1. Give u(5).
-6
Suppose 24 - 32 = -4*n. Let z(o) = -1 - 5*o + 4 + o. Calculate z(n).
-5
Let o(v) be the first derivative of v**3/3 - v**2 - 4*v + 5. Calculate o(4).
4
Let v = 14 + -21. Let r(t) = t**2 + 8*t - 2. What is r(v)?
-9
Let m be 4*4/56 + 212/(-840). Let u(b) be the third derivative of -1/3*b**3 + b**2 + 0 + 0*b + 5/24*b**4 - m*b**5. What is u(3)?
-5
Let w(a) = 1 + 0*a**3 - 4*a**2 - a**3 - 4*a - 4. Let d = -9 - -13. Suppose -3*c - 4*l + d = 17, -14 = 3*c + 5*l. What is w(c)?
0
Let c(i) = 4 - 5*i + 0 + 7*i + 2*i**2 - i**3. Suppose 1 = -j + 2*h, j - 13 = -6*h + h. Calculate c(j).
1
Let k(g) = 3*g - 4. Let i be k(3). Suppose i*b - 6 = -26. Let r(c) = -4 - 1 + 3 - 3*c - 3. Give r(b).
7
Let i(s) = -8*s - 1. Let t be 14/4*20/35. Let x(g) = -4*g - 1. Let m(h) = t*i(h) - 5*x(h). Determine m(-3).
-9
Let p(k) = k**2 + 18*k + 26. Let t be p(-16). Let s(x) = 2*x + 1. Calculate s(t).
-11
Suppose 25 = -4*q + 3*s + 2, -5*q - 2*s = 0. Let x = q + 9. Let d(t) = 3*t - 3 - 2*t + x. What is d(-3)?
1
Let x(a) = 3*a - 1. Let j be -1 + -3 + 2 + -2. Let t be (-10)/j - 1/(-2). Calculate x(t).
8
Let r(q) = -q**2 - 5*q + 3. Suppose -3*m - j + 1 = -m, -17 = 2*m - 5*j. Let v = m + 9. Let h = -13 + v. Give r(h).
3
Let d(m) be the third derivative of -m**9/60480 + m**7/5040 + m**6/180 - m**5/15 + m**2. Let x(v) be the third derivative of d(v). Give x(0).
4
Suppose 5 = q - 0*j - 5*j, -q = -2*j - 5. Let x(y) = y - 4. Let d be x(0). Let c = q + d. Let h(k) = 3*k**3 - k**2 + k - 1. Give h(c).
2
Let k(v) be the third derivative of -v**7/2520 - v**5/30 - 3*v**2. Let s(b) be the third derivative of k(b). Give s(3).
-6
Suppose 3*j + 0 - 12 = 0. Suppose -5*o + 1 = -j*o. Let k be (-8 - -4) + (0 - o). Let v(b) = b + 11. Determine v(k).
6
Let q(k) = k**2 - 2*k. Let g be q(3). Let s(t) = t**g - t - 2*t**3 + 4*t - 3 - t**2. Suppose -4*o + 10 = o. Calculate s(o).
-9
Let x(c) = -c**2 + c - 1. Suppose -3*t + 18 = -0*t - 3*v, 16 = 2*t - 3*v. Let d = -2 + t. Calculate x(d).
-1
Let i(a) = -1283 - a + 0*a + 1279 + a**2. Calculate i(0).
-4
Let j(n) = n + 3. Let v be j(5). Suppose 2*h + 8 = -3*p, -p + 5*p = -2*h - v. Let i(l) = -4*l**2 - 3*l**3 + 4 + 4*l**3 + 3*l**2. Calculate i(p).
4
Suppose 0 = 